= -5*d + d + 1 - 11. Let o = 2 + 29. Let x = o + -38. Determine r(x).
18
Let k(m) = 5*m - 5. Suppose 4 = 2*s - 0. Let g(d) = 5*d + 8. Let v(b) = 5*b + 12. Let c(i) = 4*g(i) - 3*v(i). Let w(x) = s*k(x) - 3*c(x). Determine w(2).
-8
Let p(v) = -v**3 + 8*v**2 - 7*v. Suppose 60 = -6*u + 2*u. Let t be (-9)/u + (-21)/(-15). Let h be (8 - -1 - t) + 0. Give p(h).
0
Let y = -10 + 6. Let b(s) be the second derivative of 1/4*s**4 - 1/2*s**3 - 2*s**2 + 1/20*s**5 - 2*s + 1. What is b(y)?
-8
Let p(q) be the first derivative of 5*q**4/4 - q**3 - 3*q**2 + q + 2787. Give p(-3).
-143
Suppose 0 = -4*o + r - 461 + 487, -3*o + 15 = -3*r. Let x(q) = -q**3 + 8*q**2 + 3*q - 1. Calculate x(o).
69
Let y(f) = f**3 + 6*f**2 - 7*f + 3. Let x = 40 + -81. Let u = -41 - x. Suppose -4*r + 4*c - 3*c - 33 = u, -5*r + 3*c = 50. Determine y(r).
3
Let y(g) = 0 - 2*g - 5*g**2 + 2 + g**3 + 7*g. Suppose -3*x - 24 = -9*x. Suppose -3*m + 2*m - 6 = -2*h, x*h - 14 = m. Give y(h).
6
Let o(j) = -19*j + 65. Let m(l) = -10*l - 37. Let t be m(-4). Let h be o(t). Let b(v) = v**3 - 7*v**2 - 8*v - 6. What is b(h)?
-6
Let h(w) be the third derivative of -w**5/60 + w**4/8 - 119*w**3/6 + 9*w**2 - 5*w. Let m(c) be the first derivative of h(c). Give m(7).
-11
Let h be (330/(-36) + -7)*-6. Let t(f) = -2 + h*f**3 - 196*f**3 + 9*f**2 + 100*f**3. Calculate t(-9).
-2
Let v(r) = 3*r - 4. Suppose -4*z + 57 - 65 = 0, -2*q - 2*z = 32. Let g = -8 - q. Give v(g).
14
Let z(g) be the third derivative of 0 + 0*g - 6*g**2 - 1/12*g**4 + 4/3*g**3. Calculate z(-8).
24
Let k(c) = 3*c - 1. Let a(b) = -b. Let r(m) = -4*a(m) - 2*k(m). Let s be (-1 + -1)/(16/(-24)). Suppose -4*l + 2*l = -s*j + 4, -3*l = 5*j - 32. Calculate r(j).
-6
Let w(k) = -2*k + 1. Suppose 2*h + d - 21 - 2 = 0, 5*h + 2*d = 60. Suppose 0 = 3*y + 2*u - 35, u = 4*y + 3*u - 46. Let s = h - y. Calculate w(s).
-5
Suppose 798 = 22*q - 60*q. Let h(t) = t**2 + 22*t + 2. Determine h(q).
-19
Let b = 19 + -12. Let c be 28 - 1*b/(7/2). Let g(p) = 25*p**2 - 52*p**2 + 12*p**3 + c*p**2 + 1. What is g(-1)?
-12
Let n = 2589 - 2608. Let p(f) = -3*f - 37. Determine p(n).
20
Suppose -136 = -16*b + 8*b. Let n(w) be the first derivative of -w**2/2 + 15*w - 458. Determine n(b).
-2
Let x(q) = q**2 + 10*q - 35. Suppose 3*w - 158 + 53 = -32*w. Calculate x(w).
4
Let p(v) = -v**2 - 1551 - 9*v**3 + 4*v + 1554 - 6*v. What is p(2)?
-77
Let j(f) = -f. Let a(r) = -9 - 4 - 60*r + 10 + 57*r. Let t(x) = -a(x) - 4*j(x). What is t(-2)?
-11
Let x(y) = y - 1. Suppose -2*k = -6*h + 2*h + 398, -3*h + 302 = -5*k. Suppose 2*p - h = -9*p. Give x(p).
8
Let y(p) = 4*p**2 + 10*p + 3. Let o(b) = -8*b**2 - 18*b - 6. Suppose 52*f - 63*f + 55 = 0. Let d(m) = f*y(m) + 3*o(m). Let v = -4 + 2. Give d(v).
-11
Suppose 9*y = 14*y - 10. Let i(g) = -2630*g**3 + 2631*g**3 + y - 2*g + 0. Give i(0).
2
Let p(o) = o**2 + 6*o - 5. Suppose 5*v = h + 28, 2*h + 0*h + 56 = -v. Let z be (4/7)/((-4)/h). Suppose 0 = -a + 5, -16 = z*r - 3*a + 15. Give p(r).
-13
Suppose 115 = 4*g - 13. Let x(p) = -22 - 18 - 4*p + g. Give x(-4).
8
Let t(k) be the third derivative of -k**6/120 + 7*k**5/60 + 7*k**4/8 - 31*k**3/6 + 2*k**2 - 131*k + 10. What is t(9)?
-4
Suppose 4*u - i = -271 + 333, i + 2 = 0. Let x(f) = f**2 - 16*f + 19. Calculate x(u).
4
Let k(l) = -2*l**3 - 3*l**2 + 3*l - 3. Let q = -459 - -461. Calculate k(q).
-25
Let h(q) = -3*q**3 + 2*q**2 - 2*q + 4. Let i(r) = -7*r**3 + 4*r**2 - 5*r + 9. Let l be 12/(-144)*0 - 5*1. Let o(u) = l*h(u) + 2*i(u). What is o(2)?
-2
Let v = 300 + -384. Let w = v - -85. Let j(x) = -2*x**2 - 3*x + 2. Calculate j(w).
-3
Let o(v) = -v**2 - 4*v - 6. Let x be o(-5). Suppose -5*w = -47*w + 168. Let u(q) = -18882 + 3*q - w*q + 18875 + 0*q. Give u(x).
4
Let t = 206 - 172. Let o(r) = 0*r - 31*r**2 + t*r**2 + 4*r. Calculate o(-3).
15
Let u(l) = 36*l**2 - 69*l + 2. Let p(c) = -13*c**2 + 25*c - 1. Let q(t) = -11*p(t) - 4*u(t). Give q(-3).
-9
Let r(j) = j**3 - 11*j**2 - 30*j + 32. Let t(b) = -7*b**2 + 51*b + 53. Let w be t(8). Give r(w).
-20
Let o(v) = 9*v + 12*v + 10*v - 10 - 30*v - 12. Give o(15).
-7
Let c(d) = 65*d - 10847. Let a be c(167). Let r(z) be the second derivative of -z**4/12 + 4*z**3/3 - 5*z**2/2 - z. Calculate r(a).
-5
Let n(g) = g**2 - 6*g - 3. Suppose 38*i - 3370 = 48*i. Let d = 342 + i. Calculate n(d).
-8
Let j be (-4018)/(-539) + ((-12)/(-22))/1. Let p(f) = 23 + 4*f + 6*f - 25 - f**2. Calculate p(j).
14
Let d(j) = -3*j + 1. Let z = -24 - -23. Let o be 5 - (5 + z) - 3. Determine d(o).
7
Let w(l) = 5*l**2 + 10*l + 7. Let k(u) = 27*u**2 + 51*u + 35. Suppose 4*r - 50 = 2*i - 0*i, 5*i = -15. Let s(j) = r*w(j) - 2*k(j). Give s(-6).
-5
Let g(n) = -n**2 + 6*n + 2. Suppose 9 = -7*u - 19. Let v be 4 + (-2 - (u/1 + 2)). Give g(v).
10
Let m(n) = 0*n**2 - 15 - n**2 + 12*n + 1. Let v be 55/88 + -1 - (166/(-16) - 2). Calculate m(v).
-14
Suppose 0*u + 8 = -2*k - 3*u, 0 = -k - 4*u - 14. Let v(g) = -24*g + 10*g - g**2 + 2*g**2 + 12*g - 3*g**k - 7 + g**3. Determine v(4).
17
Let f(n) = 3*n - 1. Let x = -25 + 26. Let c be ((x - 5) + (-4)/(-1))/2. What is f(c)?
-1
Let x(n) be the second derivative of -n**4/12 - 3*n**3/2 + 21*n**2 - 1529*n. What is x(-12)?
6
Let a(x) = -7*x - 2. Let z(d) = d**3 + 3*d**2 - 2*d. Suppose -2*c + 5 = -5*c + 4*v, 0 = 4*c - 4*v + 4. Let o be z(c). Give a(o).
-16
Let i(z) = z**2 - 8*z + 6. Let g = -2626 + 2632. Determine i(g).
-6
Let i(p) = -7 - 2*p - p - 18 + p. Let r be i(-14). Let j be (-1 + r)*(-15)/6. Let w(v) = -v - 6. What is w(j)?
-1
Suppose -75*d = -4*f - 73*d + 6, -4*d + 12 = 4*f. Let s(c) = 14 + 0*c + 6*c - 4 - f*c - c. What is s(-5)?
-5
Suppose 168 + 264 = -108*m. Let o(q) = -q**2 - 3*q + 5. Determine o(m).
1
Let u(b) = -10 - 4 - b**2 - 2. Let a(o) = -o**3 + 92*o**2 + 106*o - 1209. Let r be a(93). Determine u(r).
-16
Let l(x) = -11*x**2 - 10*x - 15. Let t(j) = -5*j**2 - 5*j - 6. Let d(g) = -8*l(g) + 18*t(g). Give d(-5).
12
Let r = 23 - 7. Suppose 2*t - r = 10. Let i(p) = -p**2 - t - 6*p - 3*p - 7 + 17. Give i(-7).
11
Let x(v) = v**3 - 44*v**2 + 87*v - 79. Let c be x(42). Let f be 10*3/(3/(-4)). Let j = f + c. Let o(g) = -g**2 + 8*g - 3. Determine o(j).
4
Let b = 509 - 507. Let h(c) = 17 - 3*c**b - 26 + c**2 - 21*c**3 + 10. Give h(1).
-22
Let c(n) = -104*n**2 - 54*n + 26. Let z(d) = -23*d**2 - 14*d + 6. Let g(w) = -2*c(w) + 9*z(w). Determine g(-4).
90
Let a(z) = z**3 - z**2 - z + 29. Let r(x) be the second derivative of -x**4/6 - 37*x**3/6 - 9*x**2 - 327*x. Let t be r(-18). Give a(t).
29
Let r(m) = -8 - 5*m + 2*m**2 + 29 - 17. Suppose -10*p - 9 = -7*p. Let y be (p - -4) + -6 + 8. Determine r(y).
7
Let d = 190 - 192. Let u(l) = 2*l**2 + 3. Calculate u(d).
11
Let u(m) = -60 + 173*m + 204*m + 2*m**2 - 313*m. Let a be u(-33). Let i(b) = b**2 - 7*b - 1. What is i(a)?
-7
Let s(i) = 7*i + 1. Let k(g) be the second derivative of -3*g**3/2 + g**2/2 + 3*g + 1. Let t(y) = -3*k(y) - 4*s(y). What is t(-4)?
-3
Let p(c) = 12*c - 91. Let b(h) = -2*h + 10. Let a(x) = 8*b(x) + p(x). Calculate a(5).
-31
Let n(v) be the third derivative of 0*v + 0 - 1/3*v**3 - 5/12*v**4 - 9*v**2 - 1/40*v**5. Let o(q) be the first derivative of n(q). Give o(-8).
14
Let x(u) be the third derivative of -u**5/60 - 7*u**4/8 - 107*u**3/6 + 57*u**2 + 5. Calculate x(-11).
3
Suppose 6*v + 402420 = 25*v. Let j(b) = b**2 - 21179*b**3 + 12 + 0*b + b + v*b**3. Calculate j(0).
12
Let v(i) = i**2 - i + 18. Let k be 7 + 0 - 36/9. Let o be k + 5 + (-5 - 3). Determine v(o).
18
Let a be ((-24)/20)/((-6)/(-20)). Let x(z) = -269*z - 26. Let w(d) = 95*d + 9. Let g(r) = 17*w(r) + 6*x(r). What is g(a)?
-7
Let j(t) = t - 2 + t**3 - 5*t**2 + 0 - 4*t - t. Suppose 5*q = -5*f + 14 + 1, 0 = f. Suppose q*k - 90 = -15*k. Determine j(k).
-22
Let m(s) = -5*s**2 - s. Let b be (-459)/(-45) + (-1)/5. Let x = -2 + b. Suppose 5*q + k + x = 3, -5 = 5*q + 5*k. Give m(q).
-4
Let v be (8/5)/((-16)/(-520)). Suppose -5*u + 62 - v = 0. Let l(n) = 2 - 3*n - n - 6*n. Give l(u).
-18
Let u(i) = i**3 + 11*i**2 + 9*i - 5. Let a be u(-10). Let j(q) = -146*q + 3. Let f(m) = -117*m + 4. Let o(b) = -5*f(b) + 4*j(b). Determine o(a).
-3
Let r(v) = -36*v - v**2 - 15*v**2 - 15 + v**2 + v**3 + 37*v. Let n be r(15). Let h(y) = -y**3 + y - 3. Calculate h(n).
-3
Let r(h) be the third derivative of h**6/120 - h**5/20 + 5*h**4/24 - 11*h**3/2 + 324*h**2. Let y be r(4). Let b(t)